r.
2, 11
Let v(i) = -i**3 + 15*i**2 - 26*i. Let d be v(13). Suppose d*z + 954 = 4*z - 2*l, -l = -z + 239. What are the prime factors of z?
2, 7, 17
Let o = 415 + 173. What are the prime factors of o?
2, 3, 7
What are the prime factors of (1 - (628 - -1))*183/(-732)?
157
Let d(t) = -3*t**3 - t**2 + 12*t + 9. What are the prime factors of d(-7)?
5, 181
Let n(p) = -p**3 + 8*p**2 + 9*p + 10. Let s be n(8). Let k(u) = -u**2 - 5*u + 17. Let h be k(-8). Let f = h + s. List the prime factors of f.
3, 5
Let j(x) = 4*x**2 + 29*x + 12. Let q be j(-7). Suppose -n - 20 = -q*n, -3*n = 5*h - 475. List the prime factors of h.
2, 23
Let k(b) = 6 + 7 + 3 + 14*b - 20. What are the prime factors of k(3)?
2, 19
Suppose -44*z = -45*z + 629. What are the prime factors of z?
17, 37
Suppose 26*h - 65 = 31*h. Let f(u) = 3*u**2 + 20*u + 14. List the prime factors of f(h).
3, 29
Let r(w) = 2*w - 5. Let k be r(-3). Let q(j) = -j**3 - 11*j**2 - j - 6. List the prime factors of q(k).
5
Let n(y) = -2*y**3 - y**2 + y + 97. Let j(h) = -2*h**2 + 42*h - 40. Let v be j(20). List the prime factors of n(v).
97
Let l be (8/(-5))/((-8)/20). Let v be (948/60)/(2/10). Suppose 2*r - p = 42, v = 3*r + 2*r + l*p. List the prime factors of r.
19
Suppose -3*p - 33 = -12. Let n(m) = m**3 + 8*m**2 - 9*m - 10. List the prime factors of n(p).
2, 3, 17
Suppose l - 2 = 1. Let i be (-13 + l)*(-4)/10. Suppose -40 = -8*o + i*o. What are the prime factors of o?
2, 5
Let c(y) = -y**2 + 4*y. Let f be (-14)/(-6) + 2/3. Let p be c(f). Suppose 4*s = -p*w + 5, w + s = -2*s. What are the prime factors of w?
3
Let y = -2001 - -4435. What are the prime factors of y?
2, 1217
Suppose 4*z - 13 = -2*p + 3, p = -4*z + 16. Suppose 220 = z*x - 4*c, -3*x + 157 = -0*c - 5*c. What are the prime factors of x?
59
Let u(v) = -7*v**2 - 2*v**3 - 5*v**3 + 5 + 6*v**3. Let r be u(-7). List the prime factors of (-3)/r + (-792)/(-45).
17
Let v(k) = -13*k + 171. What are the prime factors of v(10)?
41
Suppose -8*p + 3*p - 40 = 0. Let u = 8 + p. Suppose d - 5 - 10 = u. List the prime factors of d.
3, 5
Let u(l) = l**2 - 3*l - 6. Let h be u(6). Suppose 17*p - h*p - 640 = 0. List the prime factors of p.
2
Let o be (3/2)/(15/20). Suppose 4*s - 414 = -o*u, 12 = 2*s - 3*u - 191. List the prime factors of s.
103
Suppose 0*n + 25 = 5*n. Suppose q = n*q - 40. List the prime factors of q.
2, 5
Let g = -17 + 23. Let b be (-87)/(-12) + g/8. Suppose 8*o = 9*o - b. List the prime factors of o.
2
Let l = 10 + -8. Suppose -j = -u + 4 - 5, -l*u + 5*j = 17. Suppose u*c + 18 = q, q + 5*c - 37 = -2*q. What are the prime factors of q?
2, 7
Suppose 2*u - 7*u = -20. Suppose 0 = -b - 3*z + 98, 5*z - 98 = -u*b + 3*b. What are the prime factors of b?
2, 7
Let d be (0 - 1/1)/(-1). Let c be (-3)/6*-18*d. What are the prime factors of (-194)/(-18) - (-2)/c?
11
Let y be ((-4)/5)/(1/(-5)). Suppose y*x - 5 = 11. Suppose n + 2*g = 3*n - 46, n = -x*g + 28. List the prime factors of n.
2, 3
Let r = -763 + 1023. What are the prime factors of r?
2, 5, 13
Suppose 38 = o + m, 5*o - 208 = -3*m + 7*m. Let p = 35 + o. List the prime factors of p.
3, 5
Let h(b) = b**3 - 6*b**2 + 5*b. Let s be h(5). Suppose -4*w - 7 + 35 = s. List the prime factors of w.
7
Let u be (-1)/((3 - 3) + 1). Let m(x) = x. Let f(r) = -4*r - 32. Let t(s) = u*f(s) - 3*m(s). List the prime factors of t(-13).
19
Let h(i) = -i**2 + i + 2. Let p be h(2). Let a(l) = l + 107. List the prime factors of a(p).
107
Let b(t) be the second derivative of -1/2*t**3 + 0 + 5*t + 1/6*t**4 - 3/2*t**2. What are the prime factors of b(4)?
17
List the prime factors of (-10 - -23) + -10 + 3333.
2, 3, 139
Suppose -2*p - 3*p = 0. Suppose p = -4*r - 25 + 289. List the prime factors of r.
2, 3, 11
Let r(k) = 35 + 10*k - 36*k - 6 - k**2. List the prime factors of r(-23).
2, 7
Suppose -11274 - 4872 = -26*j. What are the prime factors of j?
3, 23
What are the prime factors of 0 + ((-33264)/(-9) - 3)?
3, 1231
Let t(c) = 14 - 87*c**2 + 16 + 91*c**2 + 37*c. What are the prime factors of t(-12)?
2, 3
Suppose -6858 = -25*x - 1708. What are the prime factors of x?
2, 103
Let l(d) be the second derivative of -d**4/12 - 3*d**3 + 25*d**2/2 + 2*d. What are the prime factors of l(-17)?
2, 3, 7
Let j be (3 - 1) + (-280)/(-14). Let m = j - 31. Let y(o) = 2*o**2 + 10*o + 3. What are the prime factors of y(m)?
3, 5
Let q(x) = -4*x**2 + 2*x + 1. Let m be q(-2). Let s be 2 - 1 - 76/m. Suppose s*a = -25, -o + 5*a = -3*o - 3. What are the prime factors of o?
11
Let v = 5 + -2. Suppose -3*q = -9 - v. Suppose q*o = o + 63. List the prime factors of o.
3, 7
Let u be (-2)/(-10) + (-44)/(-5). Let k(t) = t**2 - 9*t + 2. Let r be k(u). Suppose -4*g + r*g - b = -36, g - 18 = -4*b. What are the prime factors of g?
2, 3
Let p(m) = m**2 - 7. Let u be p(3). Suppose -3*c + u = -7. Suppose 190 = 4*w - c*k, 3*w + 0*k - 144 = 3*k. What are the prime factors of w?
2, 23
Suppose 5*m - 35*c = -37*c + 87, 2*c + 32 = 2*m. What are the prime factors of m?
17
Let r(g) = 2*g + 10. Let f be r(-4). Suppose f*z = b + 95, -4*z + 104 + 92 = 4*b. List the prime factors of z.
2, 3
Let p be (2 - 3 - -4)/(1/41). Suppose p = 3*o - 0*o. What are the prime factors of o?
41
Suppose -18*m + 1023 = -3909. List the prime factors of m.
2, 137
Let w be (-5)/(75/6) + 14/10. What are the prime factors of (1 - 0)*(10 + 79)*w?
89
Suppose 10 = -5*g, 0 = -5*n + 4*n + 4*g + 1098. What are the prime factors of n?
2, 5, 109
Suppose 10*p - j - 3167 = 6*p, -797 = -p - 5*j. What are the prime factors of p?
2, 3, 11
Let r be -4 + 3 - 5/((-5)/6). Suppose 0*w + w + b - 39 = 0, -2*b - 223 = -r*w. List the prime factors of w.
43
Let a(h) = h**2 - 5*h - 3. Let f = 40 + -31. Let d(s) = s**2 - 8*s - 12. Let x be d(f). What are the prime factors of a(x)?
3, 7
Suppose 13 - 1 = 4*q. Suppose -33 = q*g - 111. Suppose 0 = o - g - 51. List the prime factors of o.
7, 11
Let q = 12 + -15. Let p be 3 + 2 + 0 + q. What are the prime factors of (11*(5 - 3))/p?
11
Let l(u) = 1303*u**2 - u + 2. What are the prime factors of l(1)?
2, 163
Let f(t) = t**2 + 13*t - 7. Let j be f(11). Suppose -4*b = -3*x + j, 5*b = -2*x + 4*x - 176. List the prime factors of x.
83
Let r be 6/21 + (-662)/14. Let i be (308/(-12))/((-2)/6). Let x = r + i. List the prime factors of x.
2, 3, 5
Let r(o) = -5*o**3 - 4*o**2 - 3*o - 1. Let m be r(-2). Suppose -36*p = -m*p - 833. List the prime factors of p.
7, 17
Let x(d) = 8*d + 169. What are the prime factors of x(-10)?
89
Let z(d) = -48*d - 8. List the prime factors of z(-39).
2, 233
Let j = 10805 - 6432. List the prime factors of j.
4373
What are the prime factors of (14967/18)/(1/2)?
1663
Let b = 1 + 2. Let t = -19 + 19. Suppose t = 4*g - s - 13, -b*g - 1 = -7*g + 5*s. List the prime factors of g.
2
Suppose -3*t + t - 5*x - 21 = 0, 2*t - 3*x - 19 = 0. Suppose -5 = -t*c + 3. What are the prime factors of 20 - (2 - 3)*c?
2, 3
Suppose 2*y - 4*y + 105 = -3*m, 3*m + 96 = -y. Let t = m - -39. What are the prime factors of t?
2, 3
Let b(m) = 997*m + 126. What are the prime factors of b(2)?
2, 5, 53
Suppose 0 = 3*k + i - 5*i + 844, 3*i + 1455 = -5*k. Let r be (k/(-30))/(2/(-15)). Let q = -7 - r. List the prime factors of q.
5, 13
Let s = 296 + -118. List the prime factors of s.
2, 89
Let a be -143 + (-7 - -2) + 3. Let v = 77 - a. What are the prime factors of v?
2, 3, 37
Suppose 36*d = 37*d - 92. What are the prime factors of d?
2, 23
Let a(n) = -n + 3. Let g be a(3). Suppose 3*h + 4*x = -g*h + 9, -5*h = -4*x - 15. Suppose -p - 20 = -5*r, 4*r + 2 = -h*p - 1. List the prime factors of r.
3
Let i = -406 + 408. Let q(l) be the first derivative of 17*l**3/3 - l**2/2 - 3*l - 2. What are the prime factors of q(i)?
3, 7
List the prime factors of -1 - -200 - (12 + -12).
199
Suppose 30*p + 3456 = 32*p. What are the prime factors of p?
2, 3
Let t(a) = a**3 + 8*a**2 + 3*a. Let j be t(-7). Let l be (-1589)/(-35) + 2/(-5). Let d = l - j. List the prime factors of d.
17
Let v(n) be the first derivative of n**5/20 - n**4/8 + n**3/3 + 7*n**2/2 + 6. Let o(g) be the second derivative of v(g). What are the prime factors of o(2)?
2
Suppose -3*q - 20 = -3*u + 2*u, 87 = 5*u - 2*q. Suppose -9 = -3*z - 0*z. Suppose z*x - 77 = -u. What are the prime factors of x?
2, 5
Let v = 1 - -4. Let l(j) = 23*j - 4. Let t be l(4). Supp